{"id":38,"date":"2023-03-17T12:10:15","date_gmt":"2023-03-17T12:10:15","guid":{"rendered":"http:\/\/www.ozbekmineral.com\/?page_id=38"},"modified":"2023-04-04T13:46:31","modified_gmt":"2023-04-04T13:46:31","slug":"kaolen","status":"publish","type":"page","link":"http:\/\/www.ozbekmineral.com\/index.php\/kaolen\/","title":{"rendered":"Seramik Sekt\u00f6r\u00fc"},"content":{"rendered":"\n<div class=\"wp-block-columns is-layout-flex wp-container-core-columns-is-layout-1 wp-block-columns-is-layout-flex\">\n<div class=\"wp-block-column is-layout-flow wp-block-column-is-layout-flow\" style=\"flex-basis:100%\">\n<div class=\"wp-block-group is-nowrap is-layout-flex wp-container-core-group-is-layout-2 wp-block-group-is-layout-flex\">\n<div class=\"wp-block-group has-global-padding is-layout-constrained wp-block-group-is-layout-constrained\">\n<p><a href=\"http:\/\/www.ozbekmineral.com\/index.php\/kaolen-2\/\" data-type=\"page\" data-id=\"102\">Kaolen<\/a><\/p>\n<\/div>\n<\/div>\n<\/div>\n<\/div>\n\n\n\n<div class=\"wp-block-group is-nowrap is-layout-flex wp-container-core-group-is-layout-3 wp-block-group-is-layout-flex\">\n<p><a href=\"http:\/\/www.ozbekmineral.com\/index.php\/sirlik-kalsit-2\/\" data-type=\"page\" data-id=\"98\">S\u0131rl\u0131k Kalsit<\/a><\/p>\n<\/div>\n\n\n\n<p><a href=\"http:\/\/www.ozbekmineral.com\/index.php\/2023\/03\/20\/zirkon\/\" data-type=\"post\" data-id=\"164\">Zirkon<\/a><\/p>\n\n\n\n<p><a href=\"http:\/\/www.ozbekmineral.com\/index.php\/2023\/03\/20\/dolomite\/\" data-type=\"post\" data-id=\"153\">Dolomite<\/a><\/p>\n\n\n\n<p><a href=\"http:\/\/www.ozbekmineral.com\/index.php\/2023\/03\/18\/sepiyolit\/\" data-type=\"post\" data-id=\"89\">Sepiyolit<\/a><\/p>\n\n\n\n<h1 class=\"wp-block-heading\"><strong>End\u00fcstriyel Hammadde<\/strong><\/h1>\n\n\n\n<p><a href=\"http:\/\/www.ozbekmineral.com\/index.php\/2023\/03\/20\/talk-sanayi\/\" data-type=\"post\" data-id=\"160\">Talk (Sanayi)<\/a><\/p>\n\n\n\n<p><a href=\"http:\/\/www.ozbekmineral.com\/index.php\/2023\/03\/20\/diatomit\/\" data-type=\"post\" data-id=\"155\">Diatomit<\/a><\/p>\n\n\n\n<p><a href=\"http:\/\/www.ozbekmineral.com\/index.php\/2023\/03\/20\/zeolit\/\" data-type=\"post\" data-id=\"157\">Zeolit<\/a><\/p>\n\n\n\n<p><a href=\"http:\/\/www.ozbekmineral.com\/index.php\/2023\/03\/20\/demir-oksit\/\" data-type=\"post\" data-id=\"162\">Demir oksit<\/a><\/p>\n\n\n\n<p><a href=\"http:\/\/www.ozbekmineral.com\/index.php\/2023\/04\/04\/kaplanmis-kalsit\/\" data-type=\"post\" data-id=\"210\">Kaplanm\u0131\u015f Kalsit<\/a><\/p>\n","protected":false},"excerpt":{"rendered":"<p>Kaolen S\u0131rl\u0131k Kalsit Zirkon Dolomite Sepiyolit End\u00fcstriyel Hammadde Talk (Sanayi) Diatomit Zeolit Demir oksit Kaplanm\u0131\u015f Kalsit<\/p>\n","protected":false},"author":1,"featured_media":182,"parent":0,"menu_order":0,"comment_status":"closed","ping_status":"closed","template":"","meta":{"footnotes":""},"class_list":["post-38","page","type-page","status-publish","has-post-thumbnail","hentry"],"_links":{"self":[{"href":"http:\/\/www.ozbekmineral.com\/index.php\/wp-json\/wp\/v2\/pages\/38","targetHints":{"allow":["GET"]}}],"collection":[{"href":"http:\/\/www.ozbekmineral.com\/index.php\/wp-json\/wp\/v2\/pages"}],"about":[{"href":"http:\/\/www.ozbekmineral.com\/index.php\/wp-json\/wp\/v2\/types\/page"}],"author":[{"embeddable":true,"href":"http:\/\/www.ozbekmineral.com\/index.php\/wp-json\/wp\/v2\/users\/1"}],"replies":[{"embeddable":true,"href":"http:\/\/www.ozbekmineral.com\/index.php\/wp-json\/wp\/v2\/comments?post=38"}],"version-history":[{"count":13,"href":"http:\/\/www.ozbekmineral.com\/index.php\/wp-json\/wp\/v2\/pages\/38\/revisions"}],"predecessor-version":[{"id":218,"href":"http:\/\/www.ozbekmineral.com\/index.php\/wp-json\/wp\/v2\/pages\/38\/revisions\/218"}],"wp:featuredmedia":[{"embeddable":true,"href":"http:\/\/www.ozbekmineral.com\/index.php\/wp-json\/wp\/v2\/media\/182"}],"wp:attachment":[{"href":"http:\/\/www.ozbekmineral.com\/index.php\/wp-json\/wp\/v2\/media?parent=38"}],"curies":[{"name":"wp","href":"https:\/\/api.w.org\/{rel}","templated":true}]}}